1
Calculate the remainder when 2510201 is divided by 1152.
1145
What is the remainder when 11095896 is divided by 1849279?
222
Calculate the remainder when 86768 is divided by 390.
188
What is the remainder when 3911885 is divided by 207?
206
What is the remainder when 1186134 is divided by 3?
0
Calculate the remainder when 40697 is divided by 10174.
1
What is the remainder when 3060156 is divided by 1252?
268
Calculate the remainder when 205992 is divided by 1333.
710
What is the remainder when 91114719 is divided by 15185784?
15
What is the remainder when 196091 is divided by 138?
131
What is the remainder when 18518530 is divided by 537?
85
Calculate the remainder when 2642260 is divided by 155425.
35
What is the remainder when 3737491 is divided by 1196?
1187
Calculate the remainder when 484264 is divided by 1003.
818
Calculate the remainder when 27866693 is divided by 62.
49
Calculate the remainder when 4384223 is divided by 1096055.
3
What is the remainder when 5504825 is divided by 230?
5
Calculate the remainder when 2077479 is divided by 34.
11
What is the remainder when 17481599 is divided by 1214?
1213
Calculate the remainder when 6205939 is divided by 3102906.
127
What is the remainder when 1328448 is divided by 663266?
1916
Calculate the remainder when 240672 is divided by 805.
782
Calculate the remainder when 13846204 is divided by 39.
34
Calculate the remainder when 528890 is divided by 155.
30
Calculate the remainder when 6123199 is divided by 37.
32
What is the remainder when 25243698 is divided by 518?
4
What is the remainder when 112328 is divided by 37055?
1163
What is the remainder when 712214 is divided by 199?
192
Calculate the remainder when 385527 is divided by 543.
540
What is the remainder when 86291302 is divided by 19?
9
Calculate the remainder when 311758 is divided by 2415.
223
What is the remainder when 504657 is divided by 1722?
111
Calculate the remainder when 1761862 is divided by 2100.
2062
What is the remainder when 3941540 is divided by 123172?
36
What is the remainder when 27211833 is divided by 13605908?
17
What is the remainder when 18259438 is divided by 791?
785
What is the remainder when 39869818 is divided by 324?
322
What is the remainder when 286625271 is divided by 1592?
1591
What is the remainder when 113119 is divided by 35710?
5989
What is the remainder when 1375732 is divided by 684?
208
What is the remainder when 39496 is divided by 5056?
4104
Calculate the remainder when 98103995 is divided by 14844.
14843
What is the remainder when 1529832 is divided by 1703?
538
What is the remainder when 19744619 is divided by 55?
4
What is the remainder when 795211 is divided by 1203?
28
What is the remainder when 1287521 is divided by 125?
21
What is the remainder when 168081 is divided by 586?
485
What is the remainder when 3186 is divided by 83?
32
Calculate the remainder when 805532 is divided by 268504.
20
Calculate the remainder when 1073047714 is divided by 1165.
1164
What is the remainder when 767041 is divided by 383471?
99
What is the remainder when 7485785 is divided by 213878?
55
Calculate the remainder when 607538 is divided by 12150.
38
Calculate the remainder when 254678 is divided by 2420.
578
What is the remainder when 235856 is divided by 1245?
551
Calculate the remainder when 2337619 is divided by 2519.
2506
What is the remainder when 5193512 is divided by 10325?
37
Calculate the remainder when 159890188 is divided by 5574.
5572
What is the remainder when 1455141 is divided by 225?
66
Calculate the remainder when 59789308 is divided by 197.
5
Calculate the remainder when 140569 is divided by 320.
89
What is the remainder when 5332876 is divided by 241?
28
What is the remainder when 6390384 is divided by 3195171?
42
What is the remainder when 57642 is divided by 2833?
982
Calculate the remainder when 329581 is divided by 498.
403
What is the remainder when 985083 is divided by 196726?
1453
What is the remainder when 3280856 is divided by 22943?
7
Calculate the remainder when 101134 is divided by 598.
72
Calculate the remainder when 1510278 is divided by 251641.
432
What is the remainder when 133537926 is divided by 152?
150
Calculate the remainder when 1736719 is divided by 136.
135
What is the remainder when 128230 is divided by 52?
50
Calculate the remainder when 12411 is divided by 5384.
1643
What is the remainder when 1121655 is divided by 49?
45
What is the remainder when 1602855 is divided by 6879?
48
Calculate the remainder when 168190 is divided by 14015.
10
Calculate the remainder when 160577 is divided by 1745.
37
What is the remainder when 16230784 is divided by 78?
76
Calculate the remainder when 484008 is divided by 1165.
533
Calculate the remainder when 838626 is divided by 167725.
1
What is the remainder when 2085115 is divided by 90629?
648
What is the remainder when 1237542 is divided by 543?
45
Calculate the remainder when 55670298 is divided by 5308.
5302
What is the remainder when 77720290 is divided by 588790?
10
Calculate the remainder when 1541268 is divided by 148.
144
What is the remainder when 13560335 is divided by 5883?
20
Calculate the remainder when 2427946 is divided by 46690.
66
What is the remainder when 1242905 is divided by 1242865?
40
What is the remainder when 11475709 is divided by 1506?
1495
What is the remainder when 1800575 is divided by 308?
7
What is the remainder when 400396595 is divided by 12?
11
Calculate the remainder when 8075764 is divided by 462.
4
What is the remainder when 3136957 is divided by 522814?
73
Calculate the remainder when 71108 is divided by 462.
422
Calculate the remainder when 61033950 is divided by 41.
38
Calculate the remainder when 4721166 is divided by 2360438.
290
What is the remainder when 18146 is divided by 1217?
1108
Calculate the remainder when 13536418 is divided by 10.
8
What is the remainder when 74549 is divided by 11367?
6347
What is the remainder when 1858365 is divided by 16?
13
What is the remainder when 11379 is divided by 5131?
1117
What is the remainder when 281134977 is divided by 1335?
1332
What is the remainder when 337123 is divided by 335827?
1296
Calculate the remainder when 383849 is divided by 481.
11
Calculate the remainder when 203409868 is divided by 716.
712
What is the remainder when 128453 is divided by 4032?
3461
What is the remainder when 97610 is divided by 1027?
45
What is the remainder when 12365740 is divided by 677?
335
Calculate the remainder when 19440378 is divided by 101.
100
Calculate the remainder when 392647 is divided by 26106.
1057
What is the remainder when 16176 is divided by 1006?
80
What is the remainder when 3285550 is divided by 379?
378
Calculate the remainder when 493354 is divided by 488824.
4530
Calculate the remainder when 274973 is divided by 54989.
28
Calculate the remainder when 203268 is divided by 287.
72
What is the remainder when 71275 is divided by 14137?
590
What is the remainder when 234337848 is divided by 53?
44
What is the remainder when 12159794 is divided by 69?
62
Calculate the remainder when 10352119 is divided by 1294014.
7
What is the remainder when 461481423 is divided by 6?
3
Calculate the remainder when 18640369 is divided by 136061.
12
Calculate the remainder when 8997306 is divided by 369.
348
Calculate the remainder when 45214 is divided by 927.
718
Calculate the remainder when 18840920 is divided by 26.
20
Calculate the remainder when 39806 is divided by 244.
34
What is the remainder when 1381279 is divided by 483?
382
What is the remainder when 42001399 is divided by 266?
265
What is the remainder when 214927 is divided by 19?
18
Calculate the remainder when 62939 is divided by 15697.
151
Calculate the remainder when 3503 is divided by 774.
407
Calculate the remainder when 234466 is divided by 338.
232
What is the remainder when 147446778 is divided by 49?
45
What is the remainder when 7844913 is divided by 827?
818
What is the remainder when 2204424 is divided by 367395?
54
Calculate the remainder when 9915958 is divided by 73.
3
Calculate the remainder when 8742789 is divided by 40289.
76
Calculate the remainder when 211580 is divided by 30186.
278
Calculate the remainder when 13796245 is divided by 689812.
5
Calculate the rem